 -9).
-1
What is the value of (-14 - (10 - 19)) + 2 + (-1 - 1)?
-5
What is 9 - (-14 - (10 + -9 + -11) - -1)?
12
(-26 + 2 + 8 - 3) + -3
-22
16 + -6 + (-14 - 3)
-7
2 + 1 + (5 - (34 + -34))
8
-19 + -3 + 3 + 4
-15
Evaluate 2 + 8 + (5 - 3 - 10) - -1.
3
Evaluate -8 + (-40 - -66) + -3 + -25.
-10
Calculate (-7 - (-7 - 7)) + 1.
8
What is (-1 - -10) + -3 + -22 + 25?
9
What is (38 - 130) + 80 - (-1 + 2 + -11)?
-2
-82 + (143 - 54) - ((13 - 1) + 2)
-7
What is the value of -9 + (0 - 8) + (63 - 54)?
-8
What is 14 + -46 + (22 - 11)?
-21
Calculate -5 - (4 - 2 - 14) - -28.
35
What is -14 + 28 - (2 + 27)?
-15
Evaluate -40 - ((24 - 43) + -7).
-14
Evaluate 1 - ((-2 - -9) + -11 + 1).
4
What is the value of 14 + -6 + 4 + -18?
-6
What is -18 + (-9 - -46) + -18?
1
What is the value of -48 + 41 + (13 - (4 + -1))?
3
What is -8 - -23 - 9 - (2 + 1 + -4)?
7
Calculate (45 - 9) + -33 - (2 + 15 + 1).
-15
What is (-64 - -55) + 1 + 3?
-5
What is -142 + 136 + 1 + 31?
26
Calculate -508 - -542 - ((-3 + 2 - 1) + 3).
33
18 + -7 + 6 + (-3 - -1) + -4
11
What is -1 + (-3 - -4) + (492 - 478)?
14
Calculate (4 - (2 - 0)) + (7 - 9) + 6.
6
Calculate 6 + -11 + -2 - -7 - -4.
4
Calculate -10 + 4 + -4 + (9 - 11).
-12
What is the value of 6 + (2 - (10 - 24 - 12))?
34
What is 7 - (100 - 94 - (2 - (-2 + 0)))?
5
What is the value of -11 - (-42 + 12) - (3 + 0) - 5?
11
-5 - ((-2 - -2) + 7 - (139 - 138))
-11
Evaluate (9 - (51 + (-3 - 6))) + 11.
-22
Calculate (15 - 15) + 9 - 13.
-4
Evaluate -1 - -6 - (-23 + 59 + -8).
-23
What is the value of (5 - -2 - (2 + -6 + 10)) + -7?
-6
(-16 - 17 - -4) + 11 + 1
-17
What is the value of -1 + 9 + 7 + 10 + -39 + 18?
4
Calculate 1 - (-3 - (4 + 5 + -7)).
6
What is the value of -976 - -1017 - (-1 - (0 + -10))?
32
Evaluate -1 - -3 - (8 + (-6 - -5 - 6)).
1
What is the value of 13 + (-12 - -10) + -8 + (-1 - 1)?
1
7 - (2 + 10 + -6 - 0)
1
Calculate -14 + (-2 - 6) + 15.
-7
Evaluate -3 + -4 + 14 + -3 - 2 - 9.
-7
1 + 12 + (63 - 38 - 41)
-3
7 + (-3 - -2) + -1 + (1 - 2)
4
What is the value of 3 + 3 + 1 + 50 + -72 + 4?
-11
What is -1 + -8 + 3 + -10 + 3 + 3?
-10
Calculate 10 - (6 + (-8 - (-31 - -3)) - 8).
-8
What is (16 - 35 - 0) + 4 - 18?
-33
(-1 + 1 + 10 - 16) + -4
-10
What is the value of (-24 - -38) + 1 + -10?
5
What is the value of 0 + 2 + -2 + 23 + 4?
27
Calculate -4 + (23 - 3) - 22.
-6
Calculate -7 + 12 + -6 + 13.
12
Calculate (-10 - -7) + (5 - (-4 - 6)).
12
Evaluate (-11 - (-1 - 3)) + (-29 - -33).
-3
-16 - (0 + -5 + -1)
-10
What is 0 - (7 + -35) - 21?
7
(-10 - 5) + -19 + 36
2
What is the value of -269 + 249 - (2 - 2)?
-20
(-12 + 1 - -4) + (21 - (-8 + 7))
15
Calculate -6 + (-1 - 10) + (-11 - -41).
13
Calculate -16 - (-9 - -23 - 25).
-5
What is the value of -73 + 92 - (1 + 37) - (0 - -11)?
-30
What is 2 + (-3 - (1 - 1)) + (12 - 15)?
-4
What is 10 + 4 + (9 - (4 + 7))?
12
Calculate -2 - (-17 - (-9 - -4)).
10
What is the value of (-11 - (9 - 21)) + 8 - (-2 - -2)?
9
Calculate -657 - -692 - (0 + 5 + 3 - 3).
30
23 + -11 - (2 - -2 - -1) - 6
1
Calculate (-1 - 5) + 33 + -22.
5
Evaluate -22 + (5 + -4 - -10).
-11
What is the value of -24 - (1 + -5 + 0) - (17 - 19)?
-18
Calculate 19 + (5 - (36 + -13)).
1
-11 + (8 - 9) + -10 + 25
3
What is the value of -7 - (256 + -257 + (-46 - -3 - -3))?
34
What is (9 - -6) + (47 - 55)?
7
Evaluate 367 + -375 + -17 + -1 + 1.
-25
-8 + 16 - 14 - -2
-4
What is -4 + 2 + (0 - -1) + (230 - 263)?
-34
Calculate -9 + 9 - (2 + 0 - (3 - -1)).
2
What is (-3 - (-1 - 17)) + -2 + -5?
8
Calculate 5 + 16 + -19 + -3.
-1
Calculate (40 - -1) + -2454 + 2444.
31
3 + 4 + (7 + -5 - 4 - -3)
8
Evaluate (14 - 24) + 17 + -1 - -7.
13
What is the value of 4 - (10 + (17 - (9 + 1)))?
-13
Calculate 2 + (0 + 2 - 7) - (-19 + 26).
-10
What is -19 + (2 - -30) - 8?
5
Calculate 8 - 0 - ((9 - -17) + -38).
20
What is the value of -8 + 11 - (0 + 0) - (-32 + 35)?
0
Evaluate 31 + (-54 - -22) - (-1 + -6) - 10.
-4
(6 - (-3 + -1)) + (-41 - -50)
19
Evaluate -1 + 1 + (-10 - -3 - (28 - 35)).
0
Calculate -11 - ((9 - (20 + -5)) + 2 + 6).
-13
7 + (2 + -11 - -4)
2
Evaluate -24 - (0 + -15 + (-1 - (-11 + 4))).
-15
Evaluate 0 + 21 - (352 + -359).
28
Evaluate 20 + -6 + (-53 - -61).
22
-45 - (-85 + 62 + -41)
19
What is the value of (12 - 18 - (-4 - 1)) + 2 + -1?
0
What is the value of (-10 - (-2 - -3 - -13)) + 5?
-19
Calculate -1 + 3 + -13 + 5 + (12 - 11).
-5
Calculate (-21 - -32) + 1 + -1 + -3.
8
(-17 + -2 - (-161 + 151)) + -17
-26
What is -8 - (-32 + (42 - 56))?
38
Evaluate 0 + 4 - (6 + (9 - 20)).
9
Calculate 0 + -5 + 14 + -17 + -6.
-14
Evaluate -13 + 21 + -22 + 2.
-12
-13 - (1 - (-8 + 24))
2
5 + -5 - 3 - (-14 + (52 - 13))
-28
Evaluate -31 - -57 - (41 - 22).
7
What is -6 + (-4 + 7 + (28 - 2) - 6)?
17
1 - ((5 - 8) + (2 - -6)) - 2
-6
Evaluate 2 + -1 + -5 + -2.
-6
What is 19 + (-1 + -8 - ((-9 - -34) + -33))?
18
Evaluate (-3 - (0 - 10 - -14)) + -17.
-24
What is -21 - ((20 - -4) + -32)?
-13
(-306 - -306) + -2 + 2 + 0
0
Evaluate (51 - (119 + -61)) + (1 - (2 - 8)).
0
What is (-7 - -5 - 0 - 0) + -2?
-4
Evaluate 26 + (-2 - (-9 - -6)) - 12.
15
Evaluate (8 - (-4 - -1)) + -5.
6
What is 12 + -39 - -21 - -31?
25
What is 3 - (-7 - -8 - -1)?
1
What is the value of 9 - ((-12 - (11 - 21)) + -4)?
15
1 + -4 + 1 + (-22 - -12)
-12
What is the value of (22 + -12 - 7) + -4?
-1
(10 + -9 - (-4 - 2)) + -13
-6
What is -1 - (-2 - 1 - (13 + -14)) - -31?
32
Calculate (-64 - -63) + (10 + 5 - 5).
9
Evaluate -1 + -2 + 146 + -149 + 13.
7
Calculate 25 + -36 + (-4 - -40).
25
-7 - (-55 - -64 - (18 - (2 - 5)))
5
Evaluate (-16 - -5) + 16 + (0 - 13).
-8
Evaluate -2 + (-2 - -3) + -17 + 1 + 2.
-15
What is 2 - 4 - -7 - (4 + (-29 - -42))?
-12
Evaluate 8 + (-3 - 3 - (34 + -35)).
3
What is -3 + 6 + (-9 - (-4 + (10 - 14)))?
2
(-3 + 0 - -12) + (6 - 6) - 4
5
Calculate 0 + 1 + 26 - 15.
12
Evaluate (76 - 116) + 5 + (0 - -8) + -4.
-31
Calculate 32 - (32 + (-5 - -31)).
-26
What is (6 - 34 - 37) + 40?
-25
(5 - (0 - 0)) + -3 + 3 + 3
8
Calculate 11 + -9 - (1 + 13 + (1 - 5)).
-8
Calculate -15 - (-5 + -10 + -2).
2
Evaluate 18 - 2 - (-1 + 17).
0
What is -4 + -3 - (-11 + 1 + (40 - 42))?
5
What is 3 + (-2 + (-10 - -4) - -6)?
1
Calculate (1 + 1 - -5) + -274 + 260.
-7
Calculate -7 + 2 - (-53 + 54 + (-1 - -1)).
-6
Evaluate (2 - -9 - 3) + (-24 - (-6 - -1)).
-11
Calculate 1 + (3 - 2) + 11 + -11 + -5.
-3
9 + (0 - (6 - (2 - -5)))
10
What is the value of 1 + 5 + -20 - (2 + 0 + -5)?
-11
Calculate 10 - (5 + 3 + (9 - 14)).
7
(7 - (0 + -3 + 6 + 19)) + -7
-22
Evaluate -7 - -2 - (-6 - (-20 + 12)).
-7
What is 4 + 10 + -24 - 3 - -10?
-3
Calculate 7 + -13 + 11 - -7.
12
Evaluate 4 - -13 - 0 - (24 + -19).
12
What is the value of 26 - (0 + 11 + (-65 - -64))?
16
Evaluate (-1 - (-12 + 1)) + 1120 + -1151.
-21
-5620 + 5630 - ((34 - 1) + 0)
-23
0 - 14 - (-27 - -16) - (-1 + -2)
0
What is -7 + (9 + -4 - 7 - (-7 - 4))?
2
What is the value of -19 - (-11 - -4) - -21?
9
1109 + -1123 - (0 - (-2 + 1))
-15
Calculate 1 + 0 + 8 + -9 + -10.
-10
Evaluate (0 + 2 - (4 - -10)) + (2 - 1).
-11
Evaluate -8 + (-13 - -23) + (3 - 17) + 6.
-6
What is the value of 5 + 0 + -2 + 0 - (8 - 14)?
9
What is the value of -41 - (-48 - (-44 + 14))?
-23
0 - (16 - (8 - 4 - -4)) - -12
4
What is the value of 11 + (7 - 18) - 15?
-15
0 + (4 - 6) + -24 + 28 - 0
2
What is the value of (-98 - -116) + -24 + 0?
-6
What is the value of (-3 + 10 - 13) + 10 + 7?
11
What is the value of 9 + (15 - 8 - 8) + 6 + -3?
11
Evaluate -69 + 82 - (0 + (2 + -2 - -3)).
10
Calculate 11 - 4 - (-14 - (-3 + -5)).
13
What is the value of (-23 + (1 - -19) - (-6 - 0)) + 12?
15
What is (-6 - (0 + 0)) + (102 - 96)?
0
What is the value of (-11 - 2) + -16 + 14 - 9?
-24
Calculate 16 + 1 + (4 - (-7 - (-4 + -8))).
16
-6 - -37 - (157 + -135)
9
What is (0 + 0 - (13 + 0)) + -102 + 103?
-12
What is the value of -3 - (5 + -4 - (6 - -1))?
3
What is 19 - (-20 - (-15 - -4))?
28
30 - (-8 - (9 - 13))
34
Evaluate -91 - -89 - (4 - 2).
-4
-23 - (-7 - (23 + -26))
-19
Calculate (4 - (-9 - (-4 + -7))) + (-21 - 0).
-19
Calculate 1 + (-3 - -7) + -4 - 10.
-9
Calculate -12 - (-28 + 4 + 7) - 6.
-1
Calculate (9 - (-14 + 29)) + 5.
-1
Calculate 393 + -404 + -1 + -1 + 4.
-9
16 + (-16 - -8) + -3 + 11 - 0
16
Calculate (-10 - -21) + -1 + -3 + -3 + 1.
5
Calculate -17 - (-16 + (-18 - -20)).
-3
Evaluate 17 - (38 + 23 + -34).
-10
Calculate 13 + (0 + -3 - (75 - 71)).
6
What is 2 + (0 - 3) + (79 - 8